{"id":550,"date":"2024-01-15T17:39:39","date_gmt":"2024-01-15T17:39:39","guid":{"rendered":"https:\/\/blog.beepropolisbrasil.ind.br\/?page_id=550"},"modified":"2024-02-16T12:10:13","modified_gmt":"2024-02-16T12:10:13","slug":"politicadeprivacidade","status":"publish","type":"page","link":"https:\/\/blog.beepropolisbrasil.ind.br\/index.php\/politicadeprivacidade\/","title":{"rendered":"Pol\u00edtica de Privacidade"},"content":{"rendered":"\t\t<div data-elementor-type=\"wp-page\" data-elementor-id=\"550\" class=\"elementor elementor-550\" data-elementor-post-type=\"page\">\n\t\t\t\t<div class=\"elementor-element elementor-element-9b49293 e-flex e-con-boxed e-con e-parent\" data-id=\"9b49293\" data-element_type=\"container\" data-settings=\"{&quot;content_width&quot;:&quot;boxed&quot;}\" data-core-v316-plus=\"true\">\n\t\t\t\t\t<div class=\"e-con-inner\">\n\t\t\t\t<div class=\"elementor-element elementor-element-073b982 elementor-widget elementor-widget-heading\" data-id=\"073b982\" data-element_type=\"widget\" data-widget_type=\"heading.default\">\n\t\t\t\t<div class=\"elementor-widget-container\">\n\t\t\t<style>\/*! elementor - v3.19.0 - 07-02-2024 *\/\n.elementor-heading-title{padding:0;margin:0;line-height:1}.elementor-widget-heading .elementor-heading-title[class*=elementor-size-]>a{color:inherit;font-size:inherit;line-height:inherit}.elementor-widget-heading .elementor-heading-title.elementor-size-small{font-size:15px}.elementor-widget-heading .elementor-heading-title.elementor-size-medium{font-size:19px}.elementor-widget-heading .elementor-heading-title.elementor-size-large{font-size:29px}.elementor-widget-heading .elementor-heading-title.elementor-size-xl{font-size:39px}.elementor-widget-heading .elementor-heading-title.elementor-size-xxl{font-size:59px}<\/style><h1 class=\"elementor-heading-title elementor-size-default\">Pol\u00edtica de Privacidade<\/h1>\t\t<\/div>\n\t\t\t\t<\/div>\n\t\t\t\t\t<\/div>\n\t\t\t\t<\/div>\n\t\t<div class=\"elementor-element elementor-element-a53c039 e-flex e-con-boxed e-con e-parent\" data-id=\"a53c039\" data-element_type=\"container\" data-settings=\"{&quot;content_width&quot;:&quot;boxed&quot;}\" data-core-v316-plus=\"true\">\n\t\t\t\t\t<div class=\"e-con-inner\">\n\t\t\t\t<div class=\"elementor-element elementor-element-4384ddd elementor-widget elementor-widget-text-editor\" data-id=\"4384ddd\" data-element_type=\"widget\" data-widget_type=\"text-editor.default\">\n\t\t\t\t<div class=\"elementor-widget-container\">\n\t\t\t<style>\/*! elementor - v3.19.0 - 07-02-2024 *\/\n.elementor-widget-text-editor.elementor-drop-cap-view-stacked .elementor-drop-cap{background-color:#69727d;color:#fff}.elementor-widget-text-editor.elementor-drop-cap-view-framed .elementor-drop-cap{color:#69727d;border:3px solid;background-color:transparent}.elementor-widget-text-editor:not(.elementor-drop-cap-view-default) .elementor-drop-cap{margin-top:8px}.elementor-widget-text-editor:not(.elementor-drop-cap-view-default) .elementor-drop-cap-letter{width:1em;height:1em}.elementor-widget-text-editor .elementor-drop-cap{float:left;text-align:center;line-height:1;font-size:50px}.elementor-widget-text-editor .elementor-drop-cap-letter{display:inline-block}<\/style>\t\t\t\t<p>BEE PR\u00d3POLIS BRASIL LTDA, CNPJ 00.756.104\/0001-20, com sede na Rua Jair Miranda, 80 &#8211; Distrito Industrial &#8211; Bambu\u00ed &#8211; MG, CEP 38.900-000,&nbsp; respeita a sua privacidade e os princ\u00edpios de prote\u00e7\u00e3o de dados pessoais, conforme a Lei n\u00ba 13.709\/2018 (Lei Geral de Prote\u00e7\u00e3o de Dados \u2013 LGPD). A presente Pol\u00edtica de Privacidade visa que voc\u00ea, titular dos dados pessoais, tenha conhecimento de como a BEE PR\u00d3POLIS BRASIL LTDA trata seus dados pessoais coletados presencialmente e digitalmente.<br>A BEE PR\u00d3POLIS BRASIL LTDA reserva-se o direito de alterar esta Pol\u00edtica de Privacidade a qualquer momento, visando sua constante melhoria. Por isso, \u00e9 muito importante que voc\u00ea a acesse com frequ\u00eancia. Em caso de altera\u00e7\u00f5es relevantes, iremos inform\u00e1-lo.<br>Essa Pol\u00edtica foi criada em 16 de setembro de 2021. A Pol\u00edtica pode ser acessada a qualquer momento por meio do endere\u00e7o: https:\/\/blog.beepropolisbrasil.ind.br\/index.php\/politicadeprivacidade\/.<\/p>\n<p><b>OBJETIVO DA POL\u00cdTICA DE PRIVACIDADE DE DADOS<br><\/b>Demonstrar absoluta transpar\u00eancia quanto ao assunto e esclarecer a todos interessados sobre os tipos de dados que s\u00e3o coletados, os motivos da coleta e a forma como os usu\u00e1rios podem gerenciar ou excluir, para os casos poss\u00edveis, as suas informa\u00e7\u00f5es pessoais.<\/p>\n<p><b>CURR\u00cdCULO<\/b><br>A BEE PR\u00d3POLIS BRASIL LTDA n\u00e3o recebe curr\u00edculo em formato f\u00edsico, tampouco aceita cadastro via e-mail, ou qualquer outra forma direta de envio.<br>Todas as vagas abertas para ocupa\u00e7\u00e3o dos cargos \u00e0 disposi\u00e7\u00e3o estar\u00e3o alocadas na plataforma S\u00d3LIDES, apenas ser\u00e3o recebidos os curr\u00edculos atrav\u00e9s da referida plataforma, que pode ser encontrada no site da BEE PR\u00d3POLIS BRASIL LTDA no campo \u201cTrabalhe conosco\u201d, onde ap\u00f3s clicar haver\u00e1 o encaminhamento para o endere\u00e7o eletr\u00f4nico da plataforma S\u00d3LIDES, especificamente \u201c https:\/\/beepropolisbrasil.solides.jobs \u201d onde l\u00e1 dever\u00e1 ser feito o cadastro e preenchidos todos os requisitos necess\u00e1rios, inclusive o candidato dever\u00e1 seguir a pol\u00edtica de prote\u00e7\u00e3o de dados da referida plataforma.<\/p>\n<p><b>FUNCION\u00c1RIOS<\/b><br>A BEE PR\u00d3POLIS BRASIL LTDA colher\u00e1 informa\u00e7\u00f5es constando dados pessoais essenciais para estabelecer a rela\u00e7\u00e3o de emprego durante o contrato de trabalho: dados completos para registro de funcion\u00e1rios junto a empresa, uso no e-social e qualquer cadastro legal necess\u00e1rio, dados banc\u00e1rios para pagamento de sal\u00e1rios, filia\u00e7\u00e3o sindical, dados relativos \u00e0 sa\u00fade, como exames ocupacionais, atestados m\u00e9dicos,tudo em estrito cumprimento legal da rela\u00e7\u00e3o contratual, estando a rela\u00e7\u00e3o em livre exerc\u00edcio regular de direitos.<br>Alguns dados sens\u00edveis precisar\u00e3o ser colhidos, especificamente para estabelecer certa praticidade da rela\u00e7\u00e3o laboral imposta, como dados biom\u00e9tricos: imagens faciais, impress\u00e3o digital. Tais dados t\u00eam finalidade espec\u00edfica de controle de acesso e ponto.<br>Todos os dados pessoais dos funcion\u00e1rios estar\u00e3o alocados no sistema de gest\u00e3o empresarial SGA DELPHI, onde apenas os operadores t\u00eam acesso aos dados l\u00e1 disponibilizados, sendo a pr\u00f3pria plataforma SGA DELPHI respons\u00e1vel pelo armazenamento e prote\u00e7\u00e3o dos dados conforme pol\u00edtica pr\u00f3pria de prote\u00e7\u00e3o de dados.<br>Ap\u00f3s o t\u00e9rmino do contrato de trabalho: com o armazenamento das informa\u00e7\u00f5es dos antigos empregados para fins trabalhistas, previdenci\u00e1rios e para disponibiliza\u00e7\u00e3o aos \u00f3rg\u00e3os p\u00fablicos de fiscaliza\u00e7\u00e3o o prazo de guarda dos dados relativos \u00e0 rela\u00e7\u00e3o laboral ter\u00e3o validade pelo seus respectivos prazos legais de guarda, os referidos dados e seus prazos respeitar\u00e3o sistematicamente a legisla\u00e7\u00e3o.<\/p>\n<p><b>DADOS PESSOAIS DE FORNECEDORES E CLIENTES<br><\/b>A coleta de dados pessoais de fornecedores e clientes ocorrer\u00e1 apenas&nbsp; em casos espec\u00edficos, onde os dados necess\u00e1rios para identifica\u00e7\u00e3o atender\u00e1 ficha de cadastral, para abertura de limite de cr\u00e9dito, emiss\u00e3o de nota fiscal, bem como dados para efetuar pagamento, constituindo interesse leg\u00edtimo de ambas as partes e atendimento da obriga\u00e7\u00e3o legal ou regulat\u00f3ria por parte da empresa.<br>O prazo de elimina\u00e7\u00e3o respeitar\u00e1 a previs\u00e3o legal, tendo em vista a seguran\u00e7a de ambas as partes.<\/p>\n<p><b>DADOS PESSOAIS SOBRE VISITANTES<br><\/b>Os dados pessoais dos visitantes virtuais que acessam o site da BEE PROPOLIS BRASIL LTDA ser\u00e3o coletados atrav\u00e9s do campo \u201ccadastro do visitante\u201d, caracterizando a inser\u00e7\u00e3o dos dados em livre consentimento, sendo tal coleta realizada para eventuais negocia\u00e7\u00f5es, promo\u00e7\u00f5es, ou algo espec\u00edfico para o cadastro realizado.<br>Os&nbsp; visitantes que comparecem ao espa\u00e7o f\u00edsico&nbsp; ter\u00e3o seus dados recolhidos e armazenados pelo per\u00edodo de um ano da visita, em virtude da Pandemia Covid-19, onde os dados relacionados \u00e0 sa\u00fade tamb\u00e9m entrar\u00e1 no question\u00e1rio para eventuais fiscaliza\u00e7\u00f5es sanit\u00e1rias.<\/p>\n<p><b>QUAL A FINALIDADE DA COLETA E USO DOS DADOS PESSOAIS<br><\/b>Inicialmente, tanto no formato digital, quanto no formato f\u00edsico, os dados pessoais s\u00e3o coletados e tratados para o cumprimento de obriga\u00e7\u00e3o legal ou regulat\u00f3ria por parte da empresa, tamb\u00e9m podendo caracterizar leg\u00edtimo interesse entre as partes.<\/p>\n<p><b>COMO PROTEGEMOS SEUS DADOS PESSOAIS<br><\/b>Os dados pessoais coletados pela BEE PROPOLIS BRASIL LTDA&nbsp; s\u00e3o protegidos em servidores pr\u00f3prios ou por ela contratados; utilizando m\u00e9todos e padr\u00f5es de mercado para criptografar os dados coletados; possuindo prote\u00e7\u00e3o contra acesso n\u00e3o autorizado a seus sistemas; autorizando o acesso de pessoas previamente estabelecidas ao local, onde s\u00e3o armazenadas as informa\u00e7\u00f5es coletadas; aqueles que acessam as informa\u00e7\u00f5es se comprometem a manter sigilo. A quebra do sigilo poder\u00e1 acarretar responsabilidade civil e o respons\u00e1vel poder\u00e1 ser responsabilizado nos moldes da legisla\u00e7\u00e3o brasileira; o acesso a informa\u00e7\u00f5es pessoais \u00e9 restrito a funcion\u00e1rios e terceiros que necessitam saber essas informa\u00e7\u00f5es para process\u00e1-las e que est\u00e3o sujeitos a rigorosas obriga\u00e7\u00f5es de confidencialidade, podendo ser processados ou dispensados se deixarem de cumprir tais obriga\u00e7\u00f5es.<\/p>\n<p><b>COM QUEM COMPARTILHAMOS SEUS DADOS PESSOAIS<br><\/b>A BEE PROPOLIS BRASIL LTDA&nbsp; pode compartilhar seus Dados Pessoais com: Empresas prestadoras de servi\u00e7os de contabilidade externa, sendo essas empresas compromissadas no cumprimento das obriga\u00e7\u00f5es imposta pela LGPD; Empresas terceirizadas de gest\u00e3o empresarial, garantia da qualidade, dentre outras necess\u00e1rias para o bom andamento da BEE PROPOLIS BRASIL LTDA, sendo todas as empresas que se mant\u00eam rela\u00e7\u00e3o adequadas, ou em adequa\u00e7\u00e3o, \u00e0 legisla\u00e7\u00e3o geral de prote\u00e7\u00e3o de dados; \u00d3rg\u00e3os p\u00fablicos, agentes fiscalizadores, empresas de pesquisa, estudos acad\u00eamicos e outros que se fizer legalmente necess\u00e1rio.<\/p>\n<p><b>POR QUANTO TEMPO OS DADOS PESSOAIS FICAM ARMAZENADOS<br><\/b>Os dados pessoais coletados s\u00e3o armazenados durante o per\u00edodo necess\u00e1rio para a presta\u00e7\u00e3o do servi\u00e7o ou o cumprimento das finalidades previstas no presente documento, conforme o disposto no do artigo 15 da Lei 13.709\/18.<br>Os dados que podem ser removidos ou anonimizados a pedido do usu\u00e1rio, s\u00e3o aqueles estritamente coletados para fins promocionais e que n\u00e3o guardam rela\u00e7\u00e3o contratual de nenhuma esp\u00e9cie com a BEE PROPOLIS BRASIL LTDA, todos os demais dever\u00e3o respeitar o prazo legal de tratamento para sua elimina\u00e7\u00e3o.<\/p>\n<p><b>SEGURAN\u00c7A DOS DADOS PESSOAIS ARMAZENADOS<br><\/b>A BEE PROPOLIS BRASIL, bem como todas as plataformas acess\u00f3rias se comprometem a aplicar as medidas t\u00e9cnicas e de organiza\u00e7\u00e3o para proteger os dados pessoais de acessos n\u00e3o autorizados e de situa\u00e7\u00f5es de destrui\u00e7\u00e3o, perda, altera\u00e7\u00e3o, comunica\u00e7\u00e3o ou difus\u00e3o de tais dados.<\/p>\n<p><b>COOKIES OU DADOS DE NAVEGA\u00c7\u00c3O<br><\/b>Para os usu\u00e1rios dos meios eletr\u00f4nicos dispon\u00edveis pela BEE PROPOLIS BRASIL LTDA, haver\u00e1 comunica\u00e7\u00e3o, consentimento e apresenta\u00e7\u00e3o de textos de livre interesse atrav\u00e9s de cookies.<br>Os cookies referem-se a arquivos de texto enviados pela plataforma e gravados no computador do usu\u00e1rio por meio de um navegador web. Nesses arquivos s\u00e3o armazenadas informa\u00e7\u00f5es relacionadas \u00e0 navega\u00e7\u00e3o no site, tais como: dados de acesso, local, hor\u00e1rio de acesso para que o servidor da plataforma possa l\u00ea-las posteriormente, a fim de personalizar os servi\u00e7os da plataforma ou auxiliar no diagn\u00f3stico de problemas.<\/p>\n<p><b>DIREITOS DOS TITULARES<br><\/b>Conforme disp\u00f5e o artigo 18 da LGPD, voc\u00ea tem alguns direitos relativos aos dados que tratamos. Ao recebermos a sua solicita\u00e7\u00e3o, poderemos pedir algumas informa\u00e7\u00f5es para avaliarmos se podemos atend\u00ea-lo ou se precisaremos negar a sua solicita\u00e7\u00e3o. Em qualquer caso, voc\u00ea ser\u00e1 devidamente informado em prazo razo\u00e1vel.<br>Para exercer quaisquer desses direitos, voc\u00ea pode entrar em contato conosco pelo e-mail informado no item seguinte&nbsp; desta Pol\u00edtica.<\/p>\n<p><b>INFORMA\u00c7\u00d5ES GERAIS<br><\/b>Se voc\u00ea tiver qualquer d\u00favida, coment\u00e1rio ou solicita\u00e7\u00e3o em rela\u00e7\u00e3o aos seus dados pessoais, por favor, entre em contato com o nosso Encarregado pelo tratamento de dados pessoais, abaixo identificado:<\/p>\n<p><\/p>\n<p><\/p>\n<p><\/p>\t\t\t\t\t\t<\/div>\n\t\t\t\t<\/div>\n\t\t\t\t\t<\/div>\n\t\t\t\t<\/div>\n\t\t<div class=\"elementor-element elementor-element-ebb8f44 e-flex e-con-boxed e-con e-parent\" data-id=\"ebb8f44\" data-element_type=\"container\" data-settings=\"{&quot;content_width&quot;:&quot;boxed&quot;}\" data-core-v316-plus=\"true\">\n\t\t\t\t\t<div class=\"e-con-inner\">\n\t\t\t\t<div class=\"elementor-element elementor-element-6f40aa4 elementor-widget elementor-widget-text-editor\" data-id=\"6f40aa4\" data-element_type=\"widget\" data-widget_type=\"text-editor.default\">\n\t\t\t\t<div class=\"elementor-widget-container\">\n\t\t\t\t\t\t\t<p>Encarregado: Helton Vicente Machado<br><span style=\"font-size: inherit; text-align: inherit; color: var(--color); font-family: var(--fontFamily); font-style: var(--fontStyle, inherit); font-weight: var(--fontWeight); letter-spacing: var(--letterSpacing); text-transform: var(--textTransform);\">Endere\u00e7o para correspond\u00eancias: Rua Get\u00falio Vargas 129, Centro na cidade de Bambu\u00ed, CEP: 38.900-00.<br><\/span>E-mail para contato: heltonmachado.advogado@gmail.com<br>Bambu\u00ed-MG, 16 de fevereiro de 2024<\/p><p><br><\/p>\t\t\t\t\t\t<\/div>\n\t\t\t\t<\/div>\n\t\t\t\t\t<\/div>\n\t\t\t\t<\/div>\n\t\t\t\t<\/div>\n\t\t","protected":false},"excerpt":{"rendered":"<p>Pol\u00edtica de Privacidade BEE PR\u00d3POLIS BRASIL LTDA, CNPJ 00.756.104\/0001-20, com sede na Rua Jair Miranda, 80 &#8211; Distrito Industrial &#8211; Bambu\u00ed &#8211; MG, CEP 38.900-000,&nbsp; respeita a sua privacidade e os princ\u00edpios de prote\u00e7\u00e3o de dados pessoais, conforme a Lei n\u00ba 13.709\/2018 (Lei Geral de Prote\u00e7\u00e3o de Dados \u2013 LGPD). A presente Pol\u00edtica de Privacidade [&hellip;]<\/p>\n","protected":false},"author":1,"featured_media":0,"parent":0,"menu_order":0,"comment_status":"closed","ping_status":"closed","template":"elementor_header_footer","meta":{"_eb_attr":"","footnotes":""},"class_list":["post-550","page","type-page","status-publish","hentry"],"blocksy_meta":"","_links":{"self":[{"href":"https:\/\/blog.beepropolisbrasil.ind.br\/index.php\/wp-json\/wp\/v2\/pages\/550","targetHints":{"allow":["GET"]}}],"collection":[{"href":"https:\/\/blog.beepropolisbrasil.ind.br\/index.php\/wp-json\/wp\/v2\/pages"}],"about":[{"href":"https:\/\/blog.beepropolisbrasil.ind.br\/index.php\/wp-json\/wp\/v2\/types\/page"}],"author":[{"embeddable":true,"href":"https:\/\/blog.beepropolisbrasil.ind.br\/index.php\/wp-json\/wp\/v2\/users\/1"}],"replies":[{"embeddable":true,"href":"https:\/\/blog.beepropolisbrasil.ind.br\/index.php\/wp-json\/wp\/v2\/comments?post=550"}],"version-history":[{"count":77,"href":"https:\/\/blog.beepropolisbrasil.ind.br\/index.php\/wp-json\/wp\/v2\/pages\/550\/revisions"}],"predecessor-version":[{"id":1269,"href":"https:\/\/blog.beepropolisbrasil.ind.br\/index.php\/wp-json\/wp\/v2\/pages\/550\/revisions\/1269"}],"wp:attachment":[{"href":"https:\/\/blog.beepropolisbrasil.ind.br\/index.php\/wp-json\/wp\/v2\/media?parent=550"}],"curies":[{"name":"wp","href":"https:\/\/api.w.org\/{rel}","templated":true}]}}